e number?
True
Is 10451 a prime number?
False
Is 10639 composite?
False
Is 406207 a composite number?
False
Is 11441 composite?
True
Is 17378 composite?
True
Is 375509 composite?
False
Is 27185 a prime number?
False
Is 8057 a prime number?
False
Is 499623 prime?
False
Is 61861 prime?
True
Is 9533 composite?
False
Is 108743 a prime number?
False
Is 45397 a prime number?
False
Is 36691 prime?
True
Is 309223 prime?
True
Is 10637 a composite number?
True
Is 35413 a prime number?
False
Is 118297 prime?
True
Is 444241 a composite number?
True
Is 128542 a prime number?
False
Is 74923 composite?
False
Is 12893 a composite number?
False
Is 83199 a composite number?
True
Is 386177 a composite number?
True
Is 1683727 a prime number?
False
Is 153613 a prime number?
False
Is 58889 composite?
False
Is 42953 composite?
False
Is 6201781 composite?
False
Is 127951 prime?
True
Is 38813 a composite number?
True
Is 669 a composite number?
True
Is 3787 prime?
False
Is 3756299 prime?
True
Is 24287 a prime number?
False
Is 2453 a prime number?
False
Is 4241 a composite number?
False
Is 44221 a prime number?
True
Is 351151 prime?
True
Is 1018 composite?
True
Is 3302441 a prime number?
False
Is 77849 a prime number?
True
Is 308951 a prime number?
True
Is 39779 a prime number?
True
Is 228583 a composite number?
True
Is 149087 a prime number?
True
Is 216421 prime?
True
Is 1327673 a composite number?
False
Is 7079 a composite number?
False
Is 19501 composite?
False
Is 40435 a composite number?
True
Is 277 a composite number?
False
Is 2999 composite?
False
Is 731495 prime?
False
Is 19445 a composite number?
True
Is 5627 composite?
True
Is 548069 prime?
True
Is 157978 prime?
False
Is 89867 a composite number?
False
Is 34583 prime?
True
Is 331 a composite number?
False
Is 18087 a prime number?
False
Is 113357 a prime number?
True
Is 5191 a prime number?
False
Is 6541 composite?
True
Is 45721 a prime number?
False
Is 130297 a composite number?
True
Is 19529 a composite number?
True
Is 131891 a prime number?
True
Is 163973 prime?
True
Is 40927 prime?
True
Is 106903 prime?
True
Is 43117 prime?
True
Is 381791 composite?
False
Is 69505 a prime number?
False
Is 2579 composite?
False
Is 306221 a composite number?
True
Is 165671 composite?
True
Is 1116519 a composite number?
True
Is 1757 a composite number?
True
Is 1180877 prime?
True
Is 4861 a composite number?
False
Is 57037 a prime number?
True
Is 6197 composite?
False
Is 2005 a composite number?
True
Is 23089 prime?
False
Is 15 a prime number?
False
Is 1000031 prime?
False
Is 231139 a composite number?
True
Is 1444127 a prime number?
False
Is 13259 a composite number?
False
Is 2323 composite?
True
Is 2149 prime?
False
Is 23629 a prime number?
True
Is 130337 a prime number?
True
Is 13083865 composite?
True
Is 173413 a composite number?
True
Is 93193 composite?
True
Is 27977 composite?
True
Is 23893 a composite number?
False
Is 1823 a composite number?
False
Is 85469 a composite number?
False
Is 17961 a prime number?
False
Is 10261 a composite number?
True
Is 7493 prime?
False
Is 2701 composite?
True
Is 37987 prime?
True
Is 125278 a prime number?
False
Is 18803 prime?
True
Is 6331 prime?
False
Is 89753 composite?
False
Is 27989 a composite number?
True
Is 69743 composite?
True
Is 1273 a prime number?
False
Is 232451 a composite number?
False
Is 30181 composite?
False
Is 188218 a composite number?
True
Is 64151 a composite number?
False
Is 173629 a prime number?
True
Is 110017 prime?
True
Is 72019 a composite number?
False
Is 12071 a composite number?
False
Is 907 prime?
True
Is 15421 prime?
False
Is 58937 prime?
True
Is 25827 composite?
True
Is 27841 a prime number?
False
Is 5435 a prime number?
False
Is 12185 composite?
True
Is 5533 a prime number?
False
Is 16781 prime?
False
Is 2638 a composite number?
True
Is 3991 prime?
False
Is 453919 a composite number?
True
Is 2961839 composite?
False
Is 8467 prime?
True
Is 1078183 a composite number?
False
Is 1361 composite?
False
Is 68143 composite?
True
Is 68953 a prime number?
False
Is 210142 prime?
False
Is 186097 prime?
True
Is 2863493 a composite number?
False
Is 32663 a composite number?
True
Is 698267 composite?
True
Is 29245 composite?
True
Is 7311 composite?
True
Is 48589 prime?
True
Is 1069297 a prime number?
False
Is 236777 a composite number?
True
Is 55507 prime?
False
Is 157031 composite?
True
Is 20473 prime?
False
Is 16637 a composite number?
True
Is 829139 a composite number?
True
Is 26969 composite?
True
Is 12319 composite?
True
Is 441787 a prime number?
True
Is 60797 composite?
True
Is 615763 prime?
False
Is 7081 composite?
True
Is 30781 composite?
False
Is 135041 a prime number?
False
Is 21055 prime?
False
Is 25735 composite?
True
Is 243889 a composite number?
False
Is 36647 composite?
True
Is 1117 a composite number?
False
Is 22067 a composite number?
False
Is 72859 a prime number?
True
Is 25301 a prime number?
True
Is 3067 a prime number?
True
Is 252257 a composite number?
True
Is 10049 prime?
False
Is 147821 composite?
True
Is 3967 a prime number?
True
Is 17707 composite?
False
Is 60007 prime?
False
Is 22251 composite?
True
Is 12979 a composite number?
False
Is 93581 prime?
True
Is 1514482 a prime number?
False
Is 261271 a composite number?
False
Is 825031 prime?
False
Is 2039 a prime number?
True
Is 7 prime?
True
Is 667 composite?
True
Is 6159 a prime number?
False
Is 5669 a prime number?
True
Is 1217 a prime number?
True
Is 76069 a prime number?
False
Is 432527 composite?
False
Is 21551 prime?
False
Is 3863 a composite number?
False
Is 32419 composite?
True
Is 42641 composite?
False
Is 92693 a composite number?
False
Is 26053 a prime number?
True
Is 2101 a composite number?
True
Is 77447 prime?
True
Is 383279 a prime number?
False
Is 8369 a prime number?
True
Is 13367 prime?
True
Is 200639 a prime number?
True
Is 41401 composite?
True
Is 188653 a composite number?
False
Is 2777 prime?
True
Is 57611 composite?
True
Is 17711 prime?
False
Is 75971 a composite number?
True
Is 62105 composite?
True
Is 27983 a prime number?
True
Is 61003 composite?
True
Is 683 a composite number?
False
Is 656173 prime?
False
Is 33509 a prime number?
False
Is 15931 composite?
True
Is 433003 composite?
False
Is 576253 prime?
False
Is 2323366 composite?
True
Is 652031 prime?
False
Is 613 a prime number?
True
Is 16909 prime?
False
Is 23269 a composite number?
False
Is 89259 composite?
True
Is 99073 prime?
False
Is 8053 composite?
False
Is 36247 a composite number?
True
Is 4603 a prime number?
True
Is 9667 prime?
False
Is 68893 composite?
True
Is 17257 a prime number?
True
Is 98041 a composite number?
False
Is 18553 a composite number?
False
Is 1506373 a prime number?
False
Is 89477 prime?
True
Is 179759 a prime number?
False
Is 96241 prime?
False
Is 39139 a composite number?
False
Is 71086 a composite number?
True
Is 71494 composite?
True
Is 192571 prime?
True
Is 22322 prime?
False
Is 22109 a composite number?
False
Is 90731 prime?
True
Is 35431 composite?
True
Is 5837 a prime number?
False
Is 1603283 a prime number?
False
Is 1457 prime?
False
Is 245357 prime?
False
Is 5077 a composite number?
False
Is 7753 a composite number?
False
Is 22871 composite?
False
Is 197567 a prime number?
True
Is 255545 composite?
True
Is 11233 composite?
True
Is 147337 a composite number?
True
Is 18701 a prime number?
True
Is 30169 composite?
False
Is 398011 a prime number?
True
Is 4493 a composite number?
False
Is 258283 a prime number?
True
Is 11281 prime?
False
Is 5389 composite?
True
Is 124511 a composite number?
True
Is 12941 a prime number?
True
Is 18773 prime?
True
Is 8521 a composite number?
False
Is 22771 composite?
True
Is 788293 composite?
True
Is 41045 a prime number?
False
Is 115643 prime?
False
Is 256279 composite?
False
Is 1493441 composite?
False
Is 177467 prime?
True
Is 26017 prime?
True
Is 114901 composite?
False
Is 209021 a prime number?
True
Is 505933 prime?
False
Is 113583 a prime number?
False
Is 78301 prime?
True
Is 249637 prime?
False
Is 1262557 prime?
True
Is 13997 a prime number?
True
Is 27541 composite?
False
Is 85691 prime?
True
Is 931471 a composite number?
True
Is 943 prime?
False
Is 131357 prime?
True
Is 13381 a composite number?
False
Is 48103 prime?
False
Is 4770607 composit